 number?
True
Suppose -4487 = -4*u - 3*u. Is u composite?
False
Let l(a) = -2*a**3 - 4*a**2 + 2*a - 1. Let i(n) be the first derivative of -n**4/4 - 5*n**3/3 - 4*n + 3. Let q be i(-5). Is l(q) a composite number?
True
Let c(b) = 207*b - 7. Is c(2) composite?
True
Suppose -3*d + 5*w + 215 - 31 = 0, -4 = -4*w. Is 3098/7 + 27/d composite?
False
Let f(y) = 488*y + 11. Is f(6) composite?
False
Let n be ((-1)/(-3))/(1/(-15)). Is (-3 - n/2)*-98 a composite number?
True
Let w(l) = -269*l - 11. Is w(-2) composite?
True
Let w(o) = -214*o + 11. Is w(-12) composite?
False
Let o = 565 - 1151. Let b = o + 993. Is b composite?
True
Let q(b) = -b - 1. Suppose -5*f + 2 = 2*m + 14, -m + 20 = -4*f. Let k(n) = 9*n + 10. Let i(o) = m*q(o) + k(o). Is i(5) a composite number?
False
Suppose 6*n = 2*n, -2*c + 2*n = 4. Let j(z) = 5*z**2 - 2*z - 2. Is j(c) a composite number?
True
Suppose -2*b + 66 = r - 8, 0 = -4*r. Is b a composite number?
False
Let j be 4/(-8) + (-21)/(-2). Let k be ((-27)/(-45))/(1/j). Is (-13 + 0)*(-6)/k composite?
False
Let v = -718 - -1455. Is v a composite number?
True
Let r = -2 + 451. Is r prime?
True
Let z(c) = 63*c + 1. Let l = 3 + -1. Is z(l) a composite number?
False
Suppose 4*i + a + 2 = 9, 3*i - 2*a = 19. Is -86*(14/(-4) + i) prime?
True
Suppose 11 = 5*v - 14. Suppose -5 = t, 4*x - x - 40 = v*t. Suppose x = b - 2. Is b a prime number?
True
Let n be 1 + 2 - 3/(-3). Suppose 0 = n*r - 20, 5*r - 24 = -3*i + 2*r. Suppose -34 = -a - x + 6, -5*a + i*x = -176. Is a prime?
True
Let a(w) be the second derivative of -w**4/12 - 7*w**3/6 + 5*w**2/2 - 2*w. Let j be a(-7). Suppose -j*q + 9 = -2*q, -q = -g + 6. Is g a composite number?
True
Is (1 - -196) + (-4 - -8) a composite number?
True
Let o(j) = -j**3 - 15*j**2 + 15*j - 2. Is o(-16) composite?
True
Let q = 8 + -61. Let d = q + 100. Is d composite?
False
Suppose p + 8984 = -0*x + 4*x, 3*x - 6715 = -5*p. Is x prime?
False
Suppose 5*m + 245 = 2*i, 0*m - 532 = -4*i - 4*m. Suppose -2*a = -3*y + 7 + 2, 0 = 2*y - 2*a - 4. Suppose v - i = -y*l + 55, -217 = -v + 3*l. Is v composite?
True
Let p be 0/(-3 - -1 - 0). Suppose 2*k - 363 - 47 = p. Is k prime?
False
Let i = 2 + 1. Is i composite?
False
Suppose 5*t - t + 4 = 0. Let u be (t/3)/(1/(-21)). Suppose 25 = -u*s + 2*s, 18 = d + s. Is d composite?
False
Suppose 2*q - q = -410. Let b = q - -727. Is b composite?
False
Let l(v) = -3*v - 3*v - 3 + 3 + 7*v**2 - 4. Is l(9) a prime number?
True
Let w be -1 - 29*(-3 - -2). Suppose 8 = 4*q - w. Is ((-246)/q)/(2/(-6)) prime?
False
Let i be 48/22 - (-4)/(-22). Suppose -i = -4*o + 354. Is o prime?
True
Is ((-1)/(-2))/(14/3332) a prime number?
False
Let b be (-3 - -3) + 50 + -1. Suppose -5*t - 3*u + 382 - b = 0, 0 = -2*u - 8. Is t composite?
True
Let c be (8/(-6))/((-6)/15165). Is 10/(-4)*c/(-25) prime?
True
Is (-1 - 8/2)*(1 - 432) a prime number?
False
Suppose 0 = 2*f - 4*r - 606, -2*f + 5*f + r = 909. Is f composite?
True
Let o(r) = 24*r - 1. Let b be o(3). Suppose 5*q - k - 111 = b, -5*q + 2*k = -179. Is q a composite number?
False
Suppose 27717 = 100*m - 97*m. Is m a prime number?
True
Is (-331)/((-3)/(2 + 1)) a composite number?
False
Let k be (674/(-5))/(8/(-20)). Suppose -i + 0*i + k = 0. Is i a prime number?
True
Let l = 14 - 11. Is (634/(-8))/(l/(-12)) a composite number?
False
Let s = 29 - 22. Let p(n) = 2*n**3 - 6*n**2 + 13*n - 2. Is p(s) a composite number?
True
Suppose -5*g = -2*r + 936, 4*r = 6*g - g + 1852. Is r/10 + (-2)/(-10) a prime number?
False
Let b = -9 + 15. Let x be 41/1*(-4 + b). Suppose x + 73 = 5*o. Is o a prime number?
True
Let m = 2 + 1. Suppose m*b = -21 + 348. Is b a composite number?
False
Let j(v) be the second derivative of -v**5/20 + 2*v**4/3 + v**3/6 - v**2/2 + 2*v. Is j(5) a composite number?
False
Suppose 6*d = d - 10. Let u(f) be the third derivative of 3*f**5/20 + f**4/8 + f**3/6 - 3*f**2. Is u(d) a prime number?
True
Suppose -4*h = 61 - 245. Suppose h = z + z + 4*y, 3*z = 4*y + 99. Suppose -3*r + 5*u - 2 = -z, 23 = 2*r - 5*u. Is r a composite number?
True
Let b(w) = 48*w - 5. Let l(z) = 72*z - 8. Let r(y) = -7*b(y) + 5*l(y). Is r(7) a prime number?
True
Let c(z) = -6*z**3 + z**2 + 2*z + 1. Let o be c(-1). Let y(r) = r**3 - 7*r**2 + 9*r - 3. Let x be y(o). Let i = 0 + x. Is i composite?
True
Suppose 0 + 4 = k. Suppose -k*m + 80 = 4. Is 2 + -2 + m - -2 a prime number?
False
Suppose 6*n - n = c + 18, 5*c - 5*n + 10 = 0. Suppose -3*p + c*u + 1467 = -2*u, 5*u + 2440 = 5*p. Is p composite?
True
Let w(s) be the second derivative of -s**3/6 + 35*s**2/2 + 8*s. Is w(0) composite?
True
Suppose -2*w - 2 = 0, -3*g + w + 8 = 2*w. Suppose -117 = -g*a + 120. Is a composite?
False
Suppose 3*a = -2*a + 1195. Let b = -78 + a. Is b a prime number?
False
Let g = -7 + 19. Suppose n - 15 = -5*v, v - 5*n + 11 = -g. Suppose -v*t + t + 22 = i, 2*t - i = 47. Is t composite?
False
Let t = -11 + 32. Is t prime?
False
Let q(a) = a + 7. Let f be q(-5). Suppose f*t - 5*t - 4*b + 218 = 0, -t - 5*b = -69. Is t composite?
True
Suppose 3*u + 50 - 15 = 2*i, 4*i + 2*u - 30 = 0. Let w(q) = 13*q - 12. Is w(i) composite?
True
Suppose 2*l + 5*u = 3*l - 6, 4*u = -2*l + 12. Suppose 440 = 2*o - l*o. Is (-4)/(8/o)*1 composite?
True
Let q(a) = -6*a**3 - a**2. Let n be q(-1). Suppose 0 = 3*x - f - 4*f - 9, -3*f = 4*x - 41. Suppose b + 5 = y - x, -5*b + 35 = n*y. Is y a prime number?
False
Suppose -5*q + 4*q + 161 = 0. Is q a prime number?
False
Suppose -3*s + s = 0. Suppose p + 3*p - z = 558, s = -3*p - 4*z + 409. Is p a composite number?
False
Is 43/(-4)*20/(-5) a composite number?
False
Suppose 1106 = -3*i - 5*f, 5*f - 2*f + 1098 = -3*i. Let h = 541 + i. Is h composite?
False
Suppose 0 = -i + 5*i - 2364. Is i composite?
True
Let s = -55 - -24. Let t(g) = 69*g + 2. Let q be t(2). Let j = q + s. Is j prime?
True
Let k(s) = 3*s**2 - 20*s + 27. Is k(12) composite?
True
Let s = 0 - -2. Suppose i - 5*m - 36 = 0, i - 60 = -s*i - m. Is i a composite number?
True
Let b(r) = r**2 - 4*r - 3. Let w be b(4). Let g(q) = -4*q**3 + q**2 + q + 1. Is g(w) composite?
True
Suppose 5*t - 5 + 30 = -3*d, -d + 4*t - 31 = 0. Suppose 182 = 2*o - 9*o. Let l = d - o. Is l a composite number?
False
Let d(a) = 2*a**2 - 2*a. Let c be d(4). Suppose -v = 5*u - c, -4*u + 18 = 3*v - v. Suppose -z = 4*t - 121, u*z - 78 = -5*t + 2*t. Is t a prime number?
True
Let q(y) = 23*y**2 + 6*y - 13. Is q(4) composite?
False
Is (3 + 22/(-4))*1868/(-10) composite?
False
Let f(j) = 51*j. Let t be f(2). Let y = 26 + -70. Let q = y + t. Is q prime?
False
Let y be ((-12)/16)/((-1)/4). Suppose 0 = -y*b + b + 446. Is b a composite number?
False
Let p(n) = 4*n**2 + 4*n - 1. Let f be p(6). Let v = -311 + f. Let t = 215 + v. Is t a prime number?
True
Suppose 3*r = -k + 458, 4*r = 4*k - 798 - 1034. Is k prime?
False
Let h = -1554 + 2225. Is h composite?
True
Let h(i) = 2*i**3 - 7*i**2 + 2*i + 6. Let a be h(5). Suppose 0*y = -4*y + 224. Let q = a - y. Is q a prime number?
False
Suppose 3*m = k - 15, 4*k + 5 = -m - 0. Suppose 0 = -0*a + 4*a - 5*s - 33, k = -3*a - 4*s - 14. Suppose a*o + d = -3*o + 432, 3*d - 339 = -4*o. Is o composite?
True
Let a = -806 - -1645. Is a a composite number?
False
Let r(o) = 655*o + 7. Is r(1) a prime number?
False
Suppose 3*s - 201 = -0*s. Suppose -i = 2*u - 134, u - 2*i + 7*i = s. Is u composite?
False
Suppose -4*c + 18 = -2*i, -1 = 3*i + 2. Let u be 10/1*c/(-8). Let f(a) = 4*a**2 + 2*a + 5. Is f(u) a composite number?
True
Suppose 2*g = -3*j, 7*j = 2*j + 5*g - 25. Let f be j*(-2)/10*135. Suppose -20 = -2*h + f. Is h prime?
True
Let f(w) = 6*w**2 + 7*w - 7. Let p(g) = g**3 + 2*g + 1. Let r be p(-1). Let s(t) = 19*t**2 + 22*t - 22. Let k(y) = r*s(y) + 7*f(y). Is k(4) a prime number?
True
Suppose -3*j + 2*g = -21, j + g = -0 + 2. Suppose -28 = -j*r + 7. Suppose 2*q + 229 = 2*i + r, 4*i = -2*q + 468. Is i a composite number?
True
Suppose 4*z = 5*o - 432 - 514, -4 = -4*z. Suppose l + o = 2*l. Suppose x = -0*x + 3*g + 38, 2*g + l = 5*x. Is x a composite number?
True
Let j be ((-10)/(-4))/((-3)/(-6)). Let t(m) = 3*m**2 - 6*m + 1. Is t(j) composite?
True
Is (-2)/(-5) - (-4433)/5 composite?
False
Suppose 2*q + i = 216, -5*q - 8*i = -4*i - 546. Is q a prime number?
False
Let d = -7 + 10. Suppose 3*u - 340 = 2*k, -d*u - k = -200 - 152. Let o = u + -31. Is o p